 + -15c?
-166
In base 14, what is 2c - -5?
33
In base 14, what is 5b0 + 4?
5b4
In base 3, what is 200020 + -12?
200001
In base 15, what is 3 - -55?
58
In base 10, what is 0 + 2528?
2528
In base 8, what is -50 + -2?
-52
In base 6, what is -4 + -2140?
-2144
In base 3, what is 222222121 + -12?
222222102
In base 8, what is -27152 + 2?
-27150
In base 3, what is 1111 + -1112?
-1
In base 10, what is 3002 - 4?
2998
In base 7, what is -1461 - 0?
-1461
In base 9, what is -163 + -3?
-166
In base 4, what is 221023 - 3?
221020
In base 16, what is 0 - 253?
-253
In base 14, what is 1c - -5c?
7a
In base 7, what is -45205 - -1?
-45204
In base 2, what is -101 + -100110101100?
-100110110001
In base 11, what is 36 + 25?
60
In base 10, what is 9 + -4?
5
In base 5, what is 40 + 30?
120
In base 5, what is -34122 + 21?
-34101
In base 4, what is 200 - 11?
123
In base 2, what is -10 + -10111?
-11001
In base 15, what is -a4 + -4?
-a8
In base 15, what is -3 + 318?
315
In base 10, what is 8314 + -5?
8309
In base 2, what is 101 + 101100?
110001
In base 3, what is 12 + 222010?
222022
In base 4, what is 130 + -32?
32
In base 3, what is 1210020 - 1?
1210012
In base 16, what is 5d - -6e?
cb
In base 10, what is -13 + -71?
-84
In base 4, what is 21 - -1011?
1032
In base 15, what is -55a + 2?
-558
In base 3, what is -20 + 2?
-11
In base 12, what is -156 + -5?
-15b
In base 12, what is 3 - 12?
-b
In base 9, what is -20 + 123?
103
In base 9, what is -3 - 513?
-516
In base 16, what is 3 + -42e?
-42b
In base 13, what is 8 + -1?
7
In base 2, what is -11000 + -1000?
-100000
In base 15, what is -9 + 2d?
24
In base 2, what is 1 - 1001000?
-1000111
In base 3, what is 1022 - 221221?
-220122
In base 11, what is 5 - -77?
81
In base 4, what is -10001 - -1?
-10000
In base 11, what is 4 - -7?
10
In base 12, what is 7 - -a?
15
In base 2, what is -11 + -11010111110?
-11011000001
In base 14, what is -1 + bb?
ba
In base 15, what is 383 + 3?
386
In base 9, what is 184 - -1?
185
In base 5, what is 114 - -1?
120
In base 2, what is -101101001 - 11?
-101101100
In base 14, what is 26a - -8?
274
In base 4, what is -1221 + 10?
-1211
In base 10, what is -1962 - -4?
-1958
In base 8, what is -3 + 33?
30
In base 12, what is 40 + 0?
40
In base 10, what is -17 - 188?
-205
In base 4, what is 10 + 20223?
20233
In base 10, what is -4 - 159?
-163
In base 8, what is -5 + -33?
-40
In base 12, what is -31 + -23?
-54
In base 4, what is -3 - 31?
-100
In base 9, what is -101 - 4?
-105
In base 8, what is -4453 + -5?
-4460
In base 5, what is -123124 + -3?
-123132
In base 7, what is -1451 + 3?
-1445
In base 9, what is 210 - 3?
206
In base 15, what is 0 - 1268?
-1268
In base 5, what is 332 + -10?
322
In base 2, what is 1110111 - -1100?
10000011
In base 14, what is 10b - -4?
111
In base 7, what is -20 + -14?
-34
In base 12, what is 15 + -288?
-273
In base 5, what is 1 + -34?
-33
In base 4, what is -3032 + 2?
-3030
In base 9, what is 222 - 62?
150
In base 9, what is -65 - -1?
-64
In base 2, what is 11110 + -101?
11001
In base 14, what is 1b7 - 4?
1b3
In base 12, what is 27 + 7?
32
In base 12, what is 4 + 41?
45
In base 9, what is 7 + 8?
16
In base 5, what is -4244 + 0?
-4244
In base 15, what is 5 + 735?
73a
In base 9, what is 568 - 5?
563
In base 12, what is -21b2 + 5?
-21a9
In base 12, what is 1a + -51?
-33
In base 5, what is -130 + 3?
-122
In base 6, what is 4 + 30?
34
In base 5, what is -32403 - 10?
-32413
In base 7, what is 3 + 50?
53
In base 12, what is 2 - -59?
5b
In base 14, what is -5 + 23?
1c
In base 5, what is -1 - -343?
342
In base 15, what is -6 - 1ada?
-1ae1
In base 5, what is -220 + -30?
-300
In base 10, what is 155 + -4?
151
In base 2, what is -11 + 110001101?
110001010
In base 9, what is -225 - -26?
-188
In base 7, what is 3 - -232?
235
In base 15, what is -5 - -90?
8a
In base 11, what is 5 - -10?
15
In base 13, what is -11 + 138?
127
In base 5, what is 2321 + 0?
2321
In base 3, what is -100022 - 0?
-100022
In base 14, what is 24a0 + -1?
249d
In base 5, what is 10 + -42?
-32
In base 13, what is 2 + -93?
-91
In base 5, what is -133 - -10?
-123
In base 2, what is -100010111 + 0?
-100010111
In base 4, what is 1010 - -12?
1022
In base 11, what is 11483 - -1?
11484
In base 12, what is -1000 + -4?
-1004
In base 13, what is -5 - 13?
-18
In base 4, what is -211311 - -2?
-211303
In base 2, what is 1011 - -100?
1111
In base 5, what is 10241 - 4?
10232
In base 3, what is -10 - -1100022?
1100012
In base 16, what is -3f3 + 5?
-3ee
In base 10, what is 528 - 3?
525
In base 8, what is 4 - 4535?
-4531
In base 10, what is -23 + -3?
-26
In base 8, what is -5 - -15637?
15632
In base 14, what is -285 + 3?
-282
In base 6, what is 2 - -1041?
1043
In base 6, what is -14253 - -2?
-14251
In base 3, what is -21 - 10?
-101
In base 12, what is -1502 - 5?
-1507
In base 13, what is 3ba - -1?
3bb
In base 13, what is -6 + -2a?
-33
In base 8, what is -15 + 1?
-14
In base 14, what is 104 - -15?
119
In base 13, what is 57 + -3?
54
In base 11, what is -32 - 79?
-100
In base 12, what is -96 - 4?
-9a
In base 14, what is 9 - -a?
15
In base 15, what is -4e - 3?
-52
In base 3, what is 1000121 - 10?
1000111
In base 4, what is -230102 + 1?
-230101
In base 5, what is 3301 + 0?
3301
In base 14, what is 36 - -4?
3a
In base 6, what is -10 + 21?
11
In base 16, what is 1 + -72?
-71
In base 16, what is 1f - -8?
27
In base 10, what is -428 - 5?
-433
In base 16, what is -b08 - 0?
-b08
In base 7, what is -5 + 5153?
5145
In base 14, what is 1495 + 2?
1497
In base 3, what is 101 + -2021?
-1220
In base 10, what is 334 - 4?
330
In base 9, what is -8058 + 4?
-8054
In base 13, what is -2 + -36?
-38
In base 16, what is -43 + -dc?
-11f
In base 16, what is 2 + -3c?
-3a
In base 12, what is -1 + -66?
-67
In base 15, what is -11 + 1e?
d
In base 3, what is 2 - -1021001?
1021010
In base 10, what is 397 + 4?
401
In base 2, what is 1001010010011 + -100?
1001010001111
In base 5, what is -1 - -11423?
11422
In base 11, what is 27 - 54?
-28
In base 11, what is -a - -16?
7
In base 6, what is 4 + -530?
-522
In base 7, what is -60 - -25?
-32
In base 4, what is 10 + -1130?
-1120
In base 7, what is 322 - 2?
320
In base 6, what is -42 + 5?
-33
In base 9, what is -72012 - 1?
-72013
In base 4, what is 223130 - -11?
223201
In base 10, what is 4 - 124?
-120
In base 5, what is 4121 + 34?
4210
In base 5, what is 3 + 12?
20
In base 11, what is -48a + -2?
-491
In base 11, what is 418 - 3?
415
In base 4, what is -2 + 133?
131
In base 16, what is -4 + 32?
2e
In base 4, what is 2 + -23110?
-23102
In base 14, what is -2 - 6?
-8
In base 12, what is 5 - -31?
36
In base 14, what is -16 + -2?
-18
In base 11, what is 5 - -191?
196
In base 10, what is -4 + -118?
-122
In base 16, what is -4 + -ba?
-be
In base 11, what is 8 - -29?
36
In base 15, what is 0 + 76?
76
In base 15, what is -3 + 164?
161
In base 7, what is -6 + 36?
30
In base 15, what is 5 - -245e?
2464
In base 12, what is 8861 + -5?
8858
In base 13, what is 3 + 323?
326
In base 16, what is -5c6 + -e?
-5d4
In base 11, what is -46 + 3a?
-7
In base 8, what is -4 + -144?
-150
In base 7, what is 2 + 116?
121
In base 7, what is 23 - -40?
63
In base 2, what is 101 - -101?
1010
In base 16, what is -263 + 6?
-25d
In base 8, what is -1 + -114?
-115
In base 14, what is -4 - 14?
-18
In base 4, what is 10121310 + -2?
10121302
In base 9, what is -133 + -24?
-157
In base 3, what is -1111120212 - 10?
-1111120222
In base 3, what is 222 - -20?
1012
In base 9, what is 148 - 15?
133
In base 8, what is -3 + 5350?
5345
In base 13, what is 1b - 5?
16
In base 16, what is -3 - -7e?
7b
In base 9, what is 10 + -86?
-76
In base 12, what is 2 + 1a3?
1a5
In base 14, what is 2 - 7a?
-78
In base 11, what is -263 + 21?
-242
In base 12, what is -3 - 42?
-45
In base 5, what is 230414 - -3?
230422
In base 6, what is 2 + -3?
-1
In base 4, what is -21310 - 10?
-21320
In base 9, what is 3 - -36?
40
In base 16, what is 5 - 6?
-1
In base 3, what is -12 - 200201?
-200220
In base 6, what is -14445 + 2?
-14443
In base 9, what is 80 + -4?
75
In base 6, what is -124 + 13?
-111
In base 6, what is 421 + -23?
354
In base 14, what is 1 + -19?
-18
In base 15, what is 4 + -e?
-a
In base 12, what is -5 + 12?
9
In base 15, what is 3 - 7?
-4
In base 16, what is 7f3 + -5?
7ee
In base 6, what is -502 